{"id":845,"date":"2018-11-05T10:27:20","date_gmt":"2018-11-05T09:27:20","guid":{"rendered":"https:\/\/transizionedigitale.asmenet.it\/?page_id=845"},"modified":"2018-11-05T10:35:45","modified_gmt":"2018-11-05T09:35:45","slug":"art-17-responsabile-per-la-transizione-digitale-e-difensore-civico-digitale","status":"publish","type":"page","link":"https:\/\/transizionedigitale.asmenet.it\/?page_id=845","title":{"rendered":"Art. 17 Responsabile per la transizione digitale e difensore civico digitale"},"content":{"rendered":"<p><strong>Art. 17 Responsabile per la transizione digitale e difensore civico digitale<\/strong><\/p>\n<h5 style=\"padding-left: 30px;\"><span style=\"font-size: 12pt;\">1. Le pubbliche amministrazioni garantiscono l&#8217;attuazione delle linee strategiche per la riorganizzazione e la digitalizzazione dell&#8217;amministrazione definite dal Governo in coerenza con le Linee guida. A tal fine, ciascuna pubblica amministrazione affida a un unico ufficio dirigenziale generale, fermo restando il numero complessivo di tali uffici, la transizione alla modalit\u00e0 operativa digitale e i conseguenti processi di riorganizzazione finalizzati alla realizzazione di un&#8217;amministrazione digitale e aperta, di servizi facilmente utilizzabili e di qualit\u00e0, attraverso una maggiore efficienza ed economicit\u00e0. Al suddetto ufficio sono inoltre attribuiti i compiti relativi a:\u00a0<\/span><\/h5>\n<h5 style=\"padding-left: 60px;\"><span style=\"font-size: 12pt;\">a) coordinamento strategico dello sviluppo dei sistemi informativi, di telecomunicazione e fonia, in modo da assicurare anche la coerenza con gli standard tecnici e organizzativi comuni;<\/span><br \/>\n<span style=\"font-size: 12pt;\">b) indirizzo e coordinamento dello sviluppo dei servizi, sia interni che esterni, forniti dai sistemi informativi di telecomunicazione e fonia dell&#8217;amministrazione;<\/span><br \/>\n<span style=\"font-size: 12pt;\">c) indirizzo, pianificazione, coordinamento e monitoraggio della sicurezza informatica relativamente ai dati, ai sistemi e alle infrastrutture anche in relazione al sistema pubblico di connettivit\u00e0, nel rispetto delle regole tecniche di cui all&#8217;articolo 51, comma 1;<\/span><br \/>\n<span style=\"font-size: 12pt;\">d) accesso dei soggetti disabili agli strumenti informatici e promozione dell\u2019accessibilit\u00e0 anche in attuazione di quanto previsto dalla legge 9 gennaio 2004, n. 4;<\/span><br \/>\n<span style=\"font-size: 12pt;\">e) analisi periodica della coerenza tra l&#8217;organizzazione dell&#8217;amministrazione e l&#8217;utilizzo delle tecnologie dell&#8217;informazione e della comunicazione, al fine di migliorare la soddisfazione dell&#8217;utenza e la qualit\u00e0 dei servizi nonch\u00e9&#8217; di ridurre i tempi e i costi dell&#8217;azione amministrativa;<\/span><br \/>\n<span style=\"font-size: 12pt;\">f) cooperazione alla revisione della riorganizzazione dell&#8217;amministrazione ai fini di cui alla lettera e);<\/span><br \/>\n<span style=\"font-size: 12pt;\">g) indirizzo, coordinamento e monitoraggio della pianificazione prevista per lo sviluppo e la gestione dei sistemi informativi di telecomunicazione e fonia;<\/span><br \/>\n<span style=\"font-size: 12pt;\">h) progettazione e coordinamento delle iniziative rilevanti ai fini di una pi\u00f9 efficace erogazione di servizi in rete a cittadini e imprese mediante gli strumenti della cooperazione applicativa tra pubbliche amministrazioni, ivi inclusa la predisposizione e l&#8217;attuazione di accordi di servizio tra amministrazioni per la realizzazione e compartecipazione dei sistemi informativi cooperativi;<\/span><br \/>\n<span style=\"font-size: 12pt;\">i) promozione delle iniziative attinenti l&#8217;attuazione delle direttive impartite dal Presidente del Consiglio dei Ministri o dal Ministro delegato per l&#8217;innovazione e le tecnologie;<\/span><br \/>\n<span style=\"font-size: 12pt;\">j) pianificazione e coordinamento del processo di diffusione, all&#8217;interno dell&#8217;amministrazione, dei sistemi di identit\u00e0 e domicilio digitale, posta elettronica, protocollo informatico, firma digitale o firma elettronica qualificata e mandato informatico, e delle norme in materia di accessibilit\u00e0 e fruibilit\u00e0 nonch\u00e9&#8217; del processo di integrazione e interoperabilit\u00e0 tra i sistemi e servizi dell&#8217;amministrazione e quello di cui all&#8217;articolo 64-bis.<\/span><br \/>\n<span style=\"font-size: 12pt;\">j-bis) pianificazione e coordinamento degli acquisti di soluzioni e sistemi informatici, telematici e di telecomunicazione al fine di garantirne la compatibilit\u00e0 con gli obiettivi di attuazione dell&#8217;agenda digitale e, in particolare, con quelli stabiliti nel piano triennale di cui all&#8217;articolo 16, comma 1, lettera b).<\/span><\/h5>\n<p>&nbsp;<\/p>\n<h5 style=\"padding-left: 30px;\"><span style=\"font-size: 12pt;\">1-bis. Per lo svolgimento dei compiti di cui al comma 1, le Agenzie, le Forze armate, compresa l&#8217;Arma dei carabinieri e il Corpo delle capitanerie di porto, nonch\u00e9&#8217; i Corpi di polizia hanno facolt\u00e0 di individuare propri uffici senza incrementare il numero complessivo di quelli gi\u00e0 previsti nei rispettivi assetti organizzativi.<\/span><\/h5>\n<p>&nbsp;<\/p>\n<h5 style=\"padding-left: 30px;\"><span style=\"font-size: 12pt;\">1-ter. Il responsabile dell&#8217;ufficio di cui al comma 1 \u00e8 dotato di adeguate competenze tecnologiche, di informatica giuridica e manageriali e risponde, con riferimento ai compiti relativi alla transizione, alla modalit\u00e0 digitale direttamente all&#8217;organo di vertice politico.<\/span><\/h5>\n<p>&nbsp;<\/p>\n<h5 style=\"padding-left: 30px;\"><span style=\"font-size: 12pt;\">1-quater. E&#8217; istituito presso l&#8217;AgID l&#8217;ufficio del difensore civico per il digitale, a cui \u00e8 preposto un soggetto in possesso di adeguati requisiti di terziet\u00e0, autonomia e imparzialit\u00e0. Chiunque pu\u00f2 presentare al difensore civico per il digitale, attraverso apposita area presente sul sito istituzionale dell&#8217;AgID, segnalazioni relative a presunte violazioni del presente Codice e di ogni altra norma in materia di digitalizzazione ed innovazione della pubblica amministrazione da parte dei soggetti di cui all&#8217;articolo 2, comma 2. Ricevuta la segnalazione, il difensore civico, se la ritiene fondata, invita il soggetto responsabile della violazione a porvi rimedio tempestivamente e comunque non oltre trenta giorni. Le decisioni del difensore civico sono pubblicate in un&#8217;apposita area del sito Internet istituzionale.)) Il difensore segnala le inadempienze all&#8217;ufficio competente per i procedimenti disciplinari di ciascuna amministrazione.<\/span><\/h5>\n<p>&nbsp;<\/p>\n<h5 style=\"padding-left: 30px;\"><span style=\"font-size: 12pt;\">1-quinquies. AgID pubblica sul proprio sito una guida di riepilogo dei diritti di cittadinanza digitali previsti dal presente Codice.<\/span><\/h5>\n<p>&nbsp;<\/p>\n<h5 style=\"padding-left: 30px;\"><span style=\"font-size: 12pt;\">1-sexies. Nel rispetto della propria autonomia organizzativa, le pubbliche amministrazioni diverse dalle amministrazioni dello Stato individuano l&#8217;ufficio per il digitale di cui al comma 1 &#8230; tra quelli di livello dirigenziale oppure, ove ne siano privi, individuano un responsabile per il digitale tra le proprie posizioni apicali. In assenza del vertice politico, il responsabile dell&#8217;ufficio per il digitale di cui al comma 1 risponde direttamente a quello amministrativo dell&#8217;ente.<\/span><\/h5>\n<p>&nbsp;<\/p>\n<h5 style=\"padding-left: 30px;\"><span style=\"font-size: 12pt;\">1-septies. I soggetti di cui al comma 1-sexies possono esercitare le funzioni di cui al medesimo comma anche in forma associata.<\/span><\/h5>\n<p>&nbsp;<\/p>\n","protected":false},"excerpt":{"rendered":"<p>Art. 17 Responsabile per la transizione digitale e difensore civico digitale 1. Le pubbliche amministrazioni garantiscono l&#8217;attuazione delle linee strategiche per la riorganizzazione e la digitalizzazione dell&#8217;amministrazione definite dal Governo in coerenza con le Linee guida. A tal fine, ciascuna pubblica amministrazione affida a un unico ufficio dirigenziale generale, fermo restando il numero complessivo di [&hellip;]<\/p>\n","protected":false},"author":1,"featured_media":0,"parent":0,"menu_order":0,"comment_status":"closed","ping_status":"closed","template":"","meta":[],"_links":{"self":[{"href":"https:\/\/transizionedigitale.asmenet.it\/index.php?rest_route=\/wp\/v2\/pages\/845"}],"collection":[{"href":"https:\/\/transizionedigitale.asmenet.it\/index.php?rest_route=\/wp\/v2\/pages"}],"about":[{"href":"https:\/\/transizionedigitale.asmenet.it\/index.php?rest_route=\/wp\/v2\/types\/page"}],"author":[{"embeddable":true,"href":"https:\/\/transizionedigitale.asmenet.it\/index.php?rest_route=\/wp\/v2\/users\/1"}],"replies":[{"embeddable":true,"href":"https:\/\/transizionedigitale.asmenet.it\/index.php?rest_route=%2Fwp%2Fv2%2Fcomments&post=845"}],"version-history":[{"count":3,"href":"https:\/\/transizionedigitale.asmenet.it\/index.php?rest_route=\/wp\/v2\/pages\/845\/revisions"}],"predecessor-version":[{"id":861,"href":"https:\/\/transizionedigitale.asmenet.it\/index.php?rest_route=\/wp\/v2\/pages\/845\/revisions\/861"}],"wp:attachment":[{"href":"https:\/\/transizionedigitale.asmenet.it\/index.php?rest_route=%2Fwp%2Fv2%2Fmedia&parent=845"}],"curies":[{"name":"wp","href":"https:\/\/api.w.org\/{rel}","templated":true}]}}